ighest common factor of 1232 and 1876?
28
What is the greatest common factor of 728 and 51184?
56
What is the greatest common factor of 4260 and 2880?
60
Calculate the highest common divisor of 1072 and 90718.
134
Calculate the highest common factor of 21904 and 222.
74
What is the highest common divisor of 51751 and 7?
7
What is the highest common divisor of 37306 and 15962?
46
Calculate the highest common divisor of 68 and 103122.
34
Calculate the highest common divisor of 9904 and 32807.
619
Calculate the greatest common factor of 2340 and 41060.
20
What is the highest common factor of 474608 and 128?
16
Calculate the greatest common divisor of 280965 and 165.
15
What is the highest common factor of 50117 and 161?
23
What is the highest common factor of 135 and 11961?
27
What is the highest common factor of 231 and 1491666?
33
What is the greatest common divisor of 142737 and 343?
49
What is the highest common factor of 152736 and 160?
32
Calculate the highest common factor of 58032 and 414.
18
Calculate the highest common factor of 2860 and 33540.
260
Calculate the greatest common factor of 464 and 7801.
29
Calculate the highest common divisor of 12719 and 2672807.
1817
What is the highest common factor of 517656 and 192?
24
What is the highest common divisor of 1947304 and 470?
94
Calculate the greatest common divisor of 554972 and 44.
44
What is the greatest common factor of 2135 and 4331?
61
What is the highest common divisor of 20 and 104645?
5
What is the highest common divisor of 7982 and 195866?
614
What is the highest common divisor of 86544 and 2016?
144
What is the highest common factor of 5320 and 55195?
665
Calculate the greatest common divisor of 1458 and 35694.
54
What is the highest common divisor of 12338 and 5518?
62
Calculate the highest common factor of 377696 and 348.
116
What is the highest common divisor of 1717 and 336128?
101
What is the greatest common divisor of 152 and 79192?
152
What is the highest common divisor of 182 and 253474?
26
What is the greatest common divisor of 637 and 65975?
91
Calculate the greatest common divisor of 374868 and 8.
4
Calculate the greatest common factor of 15763462 and 26.
26
Calculate the greatest common factor of 4 and 3013.
1
Calculate the greatest common factor of 5068 and 12127.
181
What is the greatest common factor of 336 and 534048?
48
Calculate the greatest common factor of 927 and 3411.
9
What is the highest common divisor of 4 and 58563?
1
What is the greatest common factor of 6 and 2034018?
6
Calculate the highest common divisor of 405 and 1287.
9
Calculate the greatest common divisor of 20 and 670330.
10
Calculate the highest common factor of 71 and 444247.
71
Calculate the greatest common divisor of 1057 and 259.
7
What is the highest common factor of 90 and 27350?
10
What is the highest common factor of 48 and 35442?
6
What is the greatest common divisor of 995 and 3464590?
995
Calculate the greatest common factor of 1758 and 1655157.
879
Calculate the highest common divisor of 177 and 419667.
177
Calculate the greatest common divisor of 3012 and 556.
4
What is the greatest common divisor of 13983997 and 53?
53
Calculate the greatest common divisor of 31471 and 5599.
11
What is the greatest common divisor of 222 and 138084?
222
Calculate the highest common factor of 31784 and 1.
1
Calculate the greatest common factor of 101732 and 6148.
116
What is the highest common divisor of 1004 and 721876?
1004
What is the greatest common factor of 187 and 87131?
11
What is the greatest common divisor of 4104683 and 242?
121
What is the greatest common divisor of 162105 and 535?
535
What is the greatest common factor of 4300 and 25585?
215
What is the greatest common factor of 10681 and 55?
11
What is the highest common divisor of 14021 and 119?
7
Calculate the greatest common factor of 534 and 270471.
267
What is the highest common factor of 828386 and 52?
26
Calculate the greatest common factor of 153577 and 20178.
1121
What is the greatest common divisor of 315 and 478710?
45
Calculate the greatest common divisor of 2862 and 66.
6
What is the greatest common factor of 405 and 330765?
15
What is the highest common factor of 569108 and 2920?
292
What is the greatest common factor of 2836 and 112?
4
What is the highest common factor of 2208 and 128616?
552
What is the highest common divisor of 2532 and 1092?
12
What is the highest common divisor of 408 and 1116024?
24
Calculate the greatest common divisor of 477 and 456171.
159
What is the highest common factor of 7101 and 756?
27
What is the greatest common divisor of 15403 and 949?
73
Calculate the highest common divisor of 272 and 140488.
136
Calculate the greatest common divisor of 740715 and 678.
339
Calculate the highest common divisor of 294 and 179634.
294
What is the highest common divisor of 540799 and 14?
7
Calculate the highest common divisor of 89 and 37.
1
What is the highest common divisor of 249288 and 4488?
408
What is the highest common divisor of 112 and 510832?
112
Calculate the highest common factor of 48 and 127068.
12
What is the greatest common divisor of 3249 and 468939?
1083
Calculate the highest common factor of 164358 and 414.
414
What is the greatest common divisor of 1167 and 90637?
389
What is the greatest common divisor of 12545 and 20?
5
Calculate the greatest common factor of 2220006 and 138.
138
Calculate the highest common factor of 4875 and 6.
3
What is the greatest common factor of 30978 and 36?
18
What is the greatest common divisor of 68732 and 4?
4
What is the greatest common divisor of 11591 and 7439?
173
Calculate the greatest common divisor of 72 and 732960.
72
Calculate the highest common factor of 585 and 21190.
65
What is the highest common factor of 170923 and 177?
59
Calculate the highest common divisor of 551 and 5844457.
551
Calculate the greatest common divisor of 12 and 4430658.
6
What is the highest common factor of 26920 and 7270?
10
What is the highest common factor of 53780 and 140?
20
What is the highest common divisor of 45 and 18306?
9
What is the highest common divisor of 43092 and 3408?
12
Calculate the greatest common divisor of 80790 and 250.
10
Calculate the greatest common factor of 7073 and 11341.
11
What is the highest common divisor of 11583 and 275?
11
Calculate the greatest common factor of 106517 and 58.
29
Calculate the highest common factor of 132006 and 2352.
294
What is the highest common factor of 11 and 261151?
11
Calculate the greatest common divisor of 414640 and 40.
40
What is the highest common factor of 15013 and 7?
1
Calculate the greatest common divisor of 240 and 29100.
60
Calculate the highest common factor of 343 and 642194.
49
What is the highest common factor of 87 and 37977?
3
Calculate the greatest common factor of 5769 and 2115.
9
What is the greatest common divisor of 543 and 206521?
181
Calculate the highest common divisor of 65 and 28025.
5
Calculate the highest common divisor of 19563 and 2.
1
What is the highest common divisor of 3668 and 191522?
262
What is the highest common factor of 2227 and 6?
1
What is the highest common divisor of 568 and 148532?
284
What is the highest common divisor of 945279 and 9?
9
Calculate the greatest common factor of 26611 and 3293.
89
Calculate the highest common factor of 813 and 315.
3
Calculate the highest common divisor of 1763 and 17015.
41
What is the highest common factor of 3346849 and 77?
11
What is the highest common divisor of 65660 and 1960?
980
Calculate the highest common divisor of 276208 and 18544.
976
What is the highest common factor of 30 and 339795?
15
Calculate the highest common factor of 47902 and 1118.
86
Calculate the greatest common divisor of 132 and 3477606.
66
What is the highest common divisor of 7155 and 929355?
795
What is the highest common divisor of 6468 and 2268?
84
What is the greatest common divisor of 1 and 126768?
1
Calculate the highest common factor of 13865 and 5875.
235
What is the greatest common factor of 14948 and 1010?
202
What is the greatest common divisor of 19315 and 15?
5
What is the highest common divisor of 38063 and 17?
17
Calculate the greatest common divisor of 57664 and 18921.
901
What is the greatest common divisor of 90468 and 15?
3
Wh